8
What is the greatest common divisor of 3252 and 264?
12
What is the highest common divisor of 640 and 40?
40
What is the greatest common factor of 75 and 175?
25
Calculate the highest common divisor of 1178 and 19.
19
What is the highest common factor of 9118 and 282?
94
What is the greatest common divisor of 84 and 546?
42
Calculate the highest common factor of 5968 and 64.
16
Calculate the greatest common factor of 334 and 1.
1
Calculate the highest common factor of 437 and 391.
23
Calculate the greatest common factor of 364 and 756.
28
Calculate the highest common divisor of 748 and 308.
44
Calculate the highest common divisor of 854 and 14.
14
Calculate the highest common divisor of 1216 and 3136.
64
Calculate the greatest common divisor of 56 and 49.
7
What is the highest common factor of 21504 and 16?
16
Calculate the greatest common divisor of 1105 and 15.
5
Calculate the greatest common factor of 319 and 132.
11
What is the highest common factor of 72 and 45?
9
Calculate the greatest common divisor of 75 and 930.
15
What is the greatest common factor of 462 and 33?
33
What is the highest common factor of 41 and 5248?
41
Calculate the highest common factor of 220 and 572.
44
Calculate the highest common divisor of 102 and 5287.
17
What is the greatest common factor of 3 and 129?
3
What is the greatest common divisor of 60 and 40?
20
Calculate the highest common divisor of 9 and 234.
9
Calculate the greatest common factor of 63 and 126.
63
Calculate the greatest common factor of 306 and 289.
17
What is the greatest common divisor of 42 and 1134?
42
What is the greatest common factor of 9 and 41?
1
What is the highest common factor of 48 and 384?
48
Calculate the highest common divisor of 11 and 28369.
11
Calculate the highest common factor of 891 and 2475.
99
Calculate the highest common factor of 18 and 549.
9
Calculate the greatest common factor of 156 and 4848.
12
Calculate the highest common divisor of 124 and 1333.
31
Calculate the greatest common divisor of 28 and 15806.
14
Calculate the greatest common factor of 91 and 52.
13
Calculate the greatest common factor of 63 and 567.
63
What is the greatest common divisor of 856 and 8?
8
Calculate the highest common factor of 1 and 5867.
1
What is the greatest common divisor of 4 and 3928?
4
What is the greatest common divisor of 5 and 16855?
5
What is the highest common divisor of 99 and 72?
9
What is the greatest common divisor of 9 and 193?
1
Calculate the highest common divisor of 72 and 8766.
18
What is the greatest common divisor of 158 and 14?
2
Calculate the highest common factor of 155 and 279.
31
What is the highest common factor of 1412 and 12?
4
What is the greatest common divisor of 85 and 55?
5
Calculate the highest common divisor of 2225 and 25.
25
What is the greatest common factor of 1400 and 56?
56
What is the highest common divisor of 5 and 35?
5
What is the greatest common divisor of 6 and 438?
6
What is the greatest common factor of 21 and 8981?
7
What is the highest common divisor of 5 and 3935?
5
Calculate the greatest common divisor of 70 and 595.
35
Calculate the highest common divisor of 4147 and 572.
143
Calculate the highest common factor of 4 and 28.
4
What is the greatest common divisor of 4864 and 1792?
256
Calculate the greatest common divisor of 133 and 14.
7
What is the greatest common divisor of 6328 and 224?
56
Calculate the highest common factor of 88 and 88.
88
Calculate the highest common divisor of 17 and 187.
17
What is the greatest common divisor of 1 and 9?
1
What is the highest common divisor of 2077 and 62?
31
What is the greatest common factor of 21 and 2121?
21
What is the greatest common divisor of 252 and 144?
36
Calculate the greatest common factor of 27 and 834.
3
Calculate the greatest common divisor of 65 and 26.
13
Calculate the highest common divisor of 2742 and 6.
6
Calculate the highest common factor of 896 and 56.
56
Calculate the highest common factor of 11 and 869.
11
What is the greatest common divisor of 11984 and 560?
112
What is the greatest common factor of 140 and 112?
28
What is the greatest common factor of 400 and 125?
25
Calculate the greatest common factor of 481 and 13.
13
Calculate the highest common factor of 8410 and 174.
58
What is the greatest common factor of 1824 and 6?
6
Calculate the greatest common factor of 240 and 996.
12
Calculate the greatest common divisor of 472 and 1121.
59
What is the greatest common factor of 60 and 13620?
60
Calculate the greatest common divisor of 445 and 89.
89
Calculate the greatest common divisor of 12035 and 290.
145
Calculate the greatest common factor of 4416 and 23.
23
What is the highest common divisor of 4294 and 152?
38
Calculate the greatest common divisor of 68 and 4.
4
What is the highest common divisor of 5642 and 546?
182
What is the greatest common divisor of 5420 and 140?
20
Calculate the highest common factor of 2163 and 42.
21
What is the highest common divisor of 70 and 35?
35
Calculate the greatest common factor of 12284 and 148.
148
What is the greatest common divisor of 812 and 28?
28
Calculate the greatest common divisor of 253 and 1991.
11
What is the greatest common divisor of 24 and 267?
3
Calculate the greatest common factor of 485 and 1261.
97
Calculate the highest common divisor of 66 and 17391.
33
Calculate the highest common factor of 128 and 3808.
32
What is the greatest common factor of 16 and 11664?
16
What is the greatest common factor of 57 and 2812?
19
What is the greatest common divisor of 13 and 7163?
13
Calculate the highest common divisor of 252 and 35.
7
Calculate the highest common factor of 74 and 22.
2
What is the highest common factor of 69 and 6969?
69
Calculate the highest common divisor of 467 and 1.
1
Calculate the greatest common factor of 1660 and 60.
20
Calculate the greatest common divisor of 36 and 27.
9
Calculate the highest common divisor of 1507 and 99.
11
What is the highest common factor of 742 and 1378?
106
What is the highest common factor of 104 and 1430?
26
What is the greatest common divisor of 162 and 216?
54
Calculate the greatest common divisor of 9 and 369.
9
What is the highest common factor of 33 and 11341?
11
Calculate the highest common divisor of 1696 and 212.
212
Calculate the highest common divisor of 51 and 1275.
51
Calculate the greatest common factor of 1647 and 122.
61
Calculate the greatest common factor of 1242 and 5106.
138
Calculate the highest common divisor of 2688 and 105.
21
Calculate the highest common factor of 56 and 1918.
14
What is the highest common factor of 27 and 6?
3
What is the greatest common divisor of 1425 and 76?
19
What is the greatest common divisor of 26 and 274?
2
Calculate the greatest common factor of 328 and 41.
41
Calculate the greatest common divisor of 8 and 16832.
8
Calculate the greatest common factor of 135 and 195.
15
What is the greatest common factor of 214 and 8453?
107
What is the highest common divisor of 7 and 3?
1
What is the highest common divisor of 399 and 21?
21
Calculate the greatest common divisor of 50 and 4120.
10
Calculate the greatest common divisor of 215 and 731.
43
What is the highest common factor of 138 and 598?
46
Calculate the highest common factor of 90 and 10.
10
Calculate the highest common factor of 322 and 38479.
161
Calculate the highest common divisor of 1131 and 87.
87
Calculate the highest common divisor of 39 and 1222.
13
Calculate the highest common divisor of 145 and 35.
5
What is the greatest common divisor of 584 and 219?
73
What is the highest common divisor of 108 and 18036?
108
Calculate the greatest common factor of 77 and 1463.
77
Calculate the highest common divisor of 775 and 175.
25
What is the greatest common factor of 851 and 1147?
37
Calculate the greatest common factor of 15 and 135.
15
Calculate the greatest common divisor of 20 and 2525.
5
Calculate the highest common factor of 1040 and 5.
5
Calculate the greatest common factor of 57 and 51.
3
Calculate the greatest common divisor of 806 and 527.
31
Calculate the greatest common factor of 1393 and 7.
7
Calculate the greatest common divisor of 10804 and 296.
148
What is the highest common factor of 1782 and 1584?
198
What is the highest common factor of 132